 is 46 + -131?
-74
In base 13, what is 18 + -25?
-a
In base 4, what is 12 + 211?
223
In base 11, what is -10aa9 - 2?
-11000
In base 5, what is -3 + -240?
-243
In base 13, what is -776 + 2?
-774
In base 11, what is -2 + -429?
-430
In base 9, what is -2 - -81?
78
In base 4, what is 101 - -11?
112
In base 15, what is 3c4 - 2?
3c2
In base 14, what is 3887 - 3?
3884
In base 4, what is 1 - 10202?
-10201
In base 15, what is 870 + 4?
874
In base 2, what is 100100 + 11?
100111
In base 3, what is 100 - -120112?
120212
In base 16, what is 99 + -4?
95
In base 11, what is 0 + -13?
-13
In base 12, what is -683 + 0?
-683
In base 16, what is -2 + 4c?
4a
In base 12, what is 86a + 2?
870
In base 11, what is 2 - 90?
-89
In base 2, what is -110110101000 + -10?
-110110101010
In base 5, what is 3102 - -103?
3210
In base 9, what is -473 - -5?
-467
In base 5, what is 1 - -3313?
3314
In base 15, what is 1 - 45?
-44
In base 6, what is 430 + -5?
421
In base 10, what is -4 + 117?
113
In base 7, what is -5 + -6301?
-6306
In base 7, what is 4216 - 2?
4214
In base 13, what is 3 - -9a8?
9ab
In base 4, what is -220 + 13?
-201
In base 10, what is 22 + -17?
5
In base 13, what is 4 - 51?
-4a
In base 12, what is 46 - 1?
45
In base 14, what is 2d9 + 2?
2db
In base 16, what is 5 - 718?
-713
In base 9, what is -3 - -41?
37
In base 8, what is -2 + 111?
107
In base 11, what is 0 + -106?
-106
In base 9, what is 1744 - 3?
1741
In base 3, what is -220210 + -211?
-221121
In base 3, what is -1210 - -1110?
-100
In base 6, what is 11 - -315?
330
In base 13, what is -16 - b?
-24
In base 16, what is 34 + -1d?
17
In base 10, what is 5 + 76?
81
In base 15, what is 4 - 3d3?
-3ce
In base 3, what is -2 + 2201?
2122
In base 14, what is -1 + 4a8?
4a7
In base 13, what is -4 - -35?
31
In base 15, what is 12a + 9?
134
In base 10, what is 14 + -55?
-41
In base 8, what is 31 - -122?
153
In base 4, what is -201 - 12?
-213
In base 6, what is -5 + 520?
511
In base 8, what is 164 + 144?
330
In base 13, what is -2 + 179?
177
In base 6, what is -1 + 1254?
1253
In base 9, what is 74 - 6?
67
In base 5, what is -4 + 41?
32
In base 2, what is -1 + 11100000000?
11011111111
In base 15, what is 25 - 11?
14
In base 16, what is -c - -67?
5b
In base 14, what is 1 - -397?
398
In base 14, what is 20 - 3?
1b
In base 16, what is -9 + -17f?
-188
In base 14, what is -1c + 1?
-1b
In base 15, what is -5 + -7?
-c
In base 13, what is 170 - a?
163
In base 16, what is 20 + -7?
19
In base 10, what is -4 - -64?
60
In base 7, what is 162 - -13?
205
In base 12, what is -1002 - -5?
-bb9
In base 3, what is -20 + -10222?
-11012
In base 14, what is -4 - 1a0?
-1a4
In base 7, what is 144 + 2?
146
In base 11, what is -5 - 16?
-20
In base 16, what is 6 + -5?
1
In base 6, what is 12 - -53?
105
In base 13, what is 6 - 1a?
-14
In base 10, what is -11 - 103?
-114
In base 9, what is -15 + -107?
-123
In base 14, what is b - a?
1
In base 4, what is 10 - -1112?
1122
In base 2, what is 10101110 - 101?
10101001
In base 14, what is 0 - 8bd?
-8bd
In base 15, what is 12 + 25?
37
In base 11, what is -15 - 102?
-117
In base 7, what is -104 + 10?
-64
In base 7, what is -20 + -556?
-606
In base 8, what is -633 - 2?
-635
In base 10, what is 0 + 1188?
1188
In base 4, what is -133 + -101?
-300
In base 9, what is -3 + -117?
-121
In base 8, what is 4 - 77?
-73
In base 12, what is -7 - -983?
978
In base 13, what is 8 - -554?
55c
In base 10, what is -1007 - -5?
-1002
In base 13, what is -11 - -a7?
96
In base 4, what is 11 + -20213?
-20202
In base 11, what is 4 + -4a?
-46
In base 9, what is -2 + -51?
-53
In base 3, what is 2 + -22222?
-22220
In base 14, what is 129 + 2?
12b
In base 14, what is 2c + -8?
24
In base 4, what is 11 + -110313?
-110302
In base 14, what is 33 - 1a1?
-16c
In base 5, what is -2 + -1312?
-1314
In base 14, what is 26 - -c?
34
In base 11, what is -3 - 69?
-71
In base 9, what is 0 - -5882?
5882
In base 6, what is 0 + -2024?
-2024
In base 3, what is -2 + -1210202?
-1210211
In base 7, what is 14 + 25?
42
In base 6, what is -1142 - 5?
-1151
In base 11, what is -1a - -11?
-9
In base 3, what is 110 + 1201?
2011
In base 5, what is 303 + -1013?
-210
In base 3, what is 20210212 - -11?
20211000
In base 2, what is -1000 - -101111010?
101110010
In base 6, what is -14040 + 3?
-14033
In base 8, what is 35 - -42?
77
In base 9, what is -131 + 5?
-125
In base 3, what is -1 - -212111?
212110
In base 14, what is -c1 + 28?
-97
In base 6, what is 3 + -104?
-101
In base 6, what is -2 - 4125?
-4131
In base 10, what is -40 - -1?
-39
In base 4, what is 12012 + 10?
12022
In base 13, what is -a5 - 4?
-a9
In base 2, what is 1000001000 + -101?
1000000011
In base 12, what is -6 + -8b?
-95
In base 3, what is 111021 - -2?
111100
In base 4, what is -100 + -10001?
-10101
In base 4, what is -13 - -2001?
1322
In base 14, what is 91c - 0?
91c
In base 3, what is -2110 - 10002?
-12112
In base 8, what is 2 - -47?
51
In base 10, what is 10 + 23?
33
In base 10, what is 2 + -621?
-619
In base 14, what is 30 + -1c?
12
In base 12, what is 10 + 18?
28
In base 13, what is -2 - 7?
-9
In base 7, what is -5 - 1462?
-1500
In base 8, what is -54 - 17?
-73
In base 3, what is 12000 - 12?
11211
In base 2, what is -100111011000 - -1?
-100111010111
In base 15, what is 3 + 41?
44
In base 9, what is -665 - 2?
-667
In base 13, what is -51 - -4?
-4a
In base 12, what is -67 + 1?
-66
In base 5, what is 1 + -2?
-1
In base 6, what is -40 - 5?
-45
In base 4, what is 10 - 1021133?
-1021123
In base 5, what is -1124 + 3?
-1121
In base 2, what is 101 + 10010010?
10010111
In base 6, what is -3052 - 0?
-3052
In base 7, what is -14 - -360?
343
In base 6, what is -5 - 321?
-330
In base 10, what is -242 + 8?
-234
In base 15, what is -5 - 8cb?
-8d1
In base 6, what is -3 - -4?
1
In base 16, what is 4 - -65?
69
In base 6, what is 22 - 503?
-441
In base 2, what is 110110001 + -1?
110110000
In base 4, what is -11 - 1?
-12
In base 6, what is 144 - -10?
154
In base 11, what is 5 + -a78?
-a73
In base 5, what is -12044 - -10?
-12034
In base 6, what is 215 + 3?
222
In base 16, what is 2 + -2b3?
-2b1
In base 4, what is 13321 + -3?
13312
In base 14, what is 21 + -3?
1c
In base 2, what is -10 - 101000010?
-101000100
In base 2, what is -100110010 + 0?
-100110010
In base 3, what is 21112120 - 1?
21112112
In base 5, what is 204 + 4?
213
In base 8, what is 3 + 1525?
1530
In base 12, what is -274 - -7?
-269
In base 2, what is 11 + 100101100?
100101111
In base 3, what is 2 + 120121?
120200
In base 4, what is -2201 + -2?
-2203
In base 10, what is -665 + 0?
-665
In base 8, what is 51 - 35?
14
In base 2, what is 111 - 11?
100
In base 9, what is -207 - 7?
-215
In base 5, what is -2 - 30332?
-30334
In base 15, what is -12 - 2?
-14
In base 3, what is -1021022 + 1?
-1021021
In base 7, what is 1515 + 1?
1516
In base 9, what is 1 + 135?
136
In base 2, what is 100 + 100011?
100111
In base 16, what is -1a + 3?
-17
In base 7, what is 2 - -55?
60
In base 16, what is 1 - d5?
-d4
In base 7, what is -250 + 3?
-244
In base 15, what is 16 - -17?
2d
In base 10, what is 1 - 367?
-366
In base 12, what is 9a1 - 4?
999
In base 6, what is -140 + -12?
-152
In base 6, what is -22 - -1?
-21
In base 3, what is -2 + -210112?
-210121
In base 7, what is -6226 + 3?
-6223
In base 15, what is 3 + 81?
84
In base 3, what is -20 - -111?
21
In base 5, what is -113 + 10?
-103
In base 6, what is 2 - 15101?
-15055
In base 13, what is -2 - 8?
-a
In base 8, what is 5033 - 3?
5030
In base 16, what is b - 1d?
-12
In base 3, what is 20022 - -2?
20101
In base 2, what is 1011 - -111010?
1000101
In base 8, what is -4 - -341?
335
In base 13, what is 1 + -90?
-8c
In base 10, what is -26 - -26?
0
In base 2, what is -100111 - -100?
-100011
In base 11, what is -908 - -2?
-906
In base 6, what is 111 - 5?
102
In base 12, what is 545 - -4?
549
In base 3, what is -2011 - 111?
-2122
In base 13, what is 4 - -899?
8a0
In base 9, what is -3 + 105?
102
In base 10, what is 12 - 183?
-171
In base 5, what is 210 - -10?
220
In base 7, what is -1354 - -1?
-1353
In base 7, what is 436 + -2?
434
In base 9, what is 0 - 73?
-73
In base 8, what is -5 + 7206?
7201
In base 14, what is -2320 + -2?
-2322
In base 9, what is 5375 + -4?
5371
In base 10, what is -23 - -6?
-17
In base 8, what is 1 + -554?
-553
In ba